factors of t?
17
Let x = 18 + -63. Let d be -6 - 415/x - 2/9. Suppose -q = -d*q + 58. What are the prime factors of q?
29
Suppose 24 = 4*t + 2*t. Suppose 1231 + 1193 = -t*i. List the prime factors of (-6)/3 + (i/3)/(-1).
2, 5
Let p = -25713 + 16428. What are the prime factors of 4/(-10) - p/25?
7, 53
Let j be 6/(-8)*(-1 + -235). Let c(v) = v**2 - 342*v + 1. Let f be c(0). Let p = f + j. What are the prime factors of p?
2, 89
Let i be 4 + 780/6 + 1. Let y = i + -30. What are the prime factors of y?
3, 5, 7
What are the prime factors of 1250536/224 + (-2)/(-8)*-3?
2, 2791
Suppose -89*i = 212437 - 1398985. What are the prime factors of i?
2, 3, 11, 101
Let g(x) = 50*x - 50. Let f be g(-18). What are the prime factors of -3 - -2 - (f - 3/(-1))?
2, 11, 43
Suppose -2*m = -m - 5. Suppose m*s = -0*y + 3*y - 204, 2*s + 204 = 3*y. What are the prime factors of y?
2, 17
Suppose -2803 + 1054 = -11*j. Suppose -2*s - 3*r + 65 = -253, -s = -4*r - j. What are the prime factors of s?
3, 53
Let w(i) = -i**3 - 13*i**2 + 6*i + 42. Suppose 286*g - 287*g = 14. What are the prime factors of w(g)?
2, 7, 11
Let r be 75/(-30)*8/(-10). Suppose 0*f - 2*f + r*v = -14, -5*v + 10 = 4*f. Suppose 3*t + 2*p = -3*p + 142, 0 = 5*t - f*p - 170. What are the prime factors of t?
3, 13
Let x = -8 - -3. Suppose 4*d = 4*p - 3*p + 104, -2*d + 322 = -3*p. List the prime factors of 4/(x - -1)*p/1.
2, 3
Let n(m) = m**2 + 6*m + 7. Suppose 2*f - 4*l = -8, -3*l + 3 + 3 = -5*f. Let x be n(f). Suppose 360 + 893 = x*g. List the prime factors of g.
179
Let y(k) = -89*k - 5. Let r be (135/(-25) - -5) + 8/(-5). What are the prime factors of y(r)?
173
Suppose 4*n = 9*n - 40. Suppose 0 = 2*z - 7*z + 5, -x + n = 2*z. What are the prime factors of ((-204)/x)/((-2)/(-3)*-1)?
3, 17
Let o be (15 - 3)/(4/(-44)). Let k = o + 304. Let y = k - -22. What are the prime factors of y?
2, 97
Let y(a) = -a**3 + 16*a**2 - a + 16. Let u be y(16). Suppose u = 7*i - 447 - 232. List the prime factors of i.
97
Let y(w) = -122*w + 9. Let o be y(-6). Suppose -o = -38*a + 35*a. What are the prime factors of a?
13, 19
Let d = 666 + 39208. What are the prime factors of d?
2, 19937
Let r = -48023 + 70471. List the prime factors of r.
2, 23, 61
Suppose 3*i + 3*c = 3210, -82*i = -85*i + 2*c + 3220. Let r = 2526 - i. List the prime factors of r.
2, 727
Suppose -3 = y + i - 6, 3*i - 12 = -4*y. Suppose y*l - 6 = 0, l + 2*l = -5*f + 1351. List the prime factors of f.
269
Suppose -w - 7 - 3 = 3*d, 18 = -d - 4*w. Let n be 0 + -2 + (d - -9). Suppose -384 = -9*c + n*c. List the prime factors of c.
2, 3
Let v be 9 - 1528/168 - (-3337)/(-21). Let g(t) = 21*t**2 - 5*t + 2. Let y be g(4). Let x = v + y. List the prime factors of x.
3, 53
Let q(d) = 44*d**2 - 16*d - 9. Let u be q(-7). Let h = u - 1573. What are the prime factors of h?
2, 7
Let v(p) = p**2 - 2*p + 4. Let m be v(2). Suppose m*y = -12, 0 = 4*q + 4*y - 2*y - 14. Suppose -q*w + 52 - 2 = 0. List the prime factors of w.
2, 5
Let z be 6 - 5/(-3)*72/(-60). Suppose -5*d = j - 7, 0 = j - z*d - d + 3. What are the prime factors of j?
2
What are the prime factors of (8 + (-28)/3)*(-1 - 128) + 1?
173
Suppose -6 = -4*q - 8*k + 6*k, 2*k + 14 = 0. Let h be -2 - -3 - (0 - 608). Suppose 3*s = z + 594, -3*s + q*z - 27 = -h. List the prime factors of s.
199
Let k(l) = l**2 + 5*l - 16. Let q be k(-7). Let r be -1*(-6)/q + 5. Suppose r*u - n - 154 = -5*n, -5*u = -3*n - 346. What are the prime factors of u?
71
Let p = -129 - -126. Let s(v) = 93*v**2 - 3*v + 3. What are the prime factors of s(p)?
3, 283
Suppose -4*h - 18 = t + 14, 0 = h + 4. Let c = t + 16. Suppose c = -5*p + 1020 - 160. What are the prime factors of p?
2, 43
Let c(l) = -l**3 - 26*l**2 + l + 2. Let j be c(-26). What are the prime factors of 1652/3 - (9 + 200/j)?
2, 5, 11
Suppose 2*x = x + 8. Suppose 10 + x = 4*d - 2*a, -3*a - 7 = 4*d. Suppose 4*p = k + 63, 0*k = 4*p - d*k - 58. What are the prime factors of p?
17
Suppose g = -3*g + 444. Let n be 137702/744 - 2/24. Let d = n - g. List the prime factors of d.
2, 37
Let z = 10417 + -5778. What are the prime factors of z?
4639
Let y(v) = v**3 + 29*v**2 + 49*v - 97. Let k = 934 - 957. List the prime factors of y(k).
2, 3, 5, 13
Suppose -s = -370 - 616. Suppose s = -9*c + 68. Let m = -14 - c. What are the prime factors of m?
2, 11
Suppose 0 = -43*u + 46*u. Suppose 6*r + 25 + 5 = u. List the prime factors of (112 + r + 2)/1.
109
Let y = 1519 + -274. Let z be (-30)/9 - -3 - y/(-9). Let l = z - 49. What are the prime factors of l?
89
Let x(k) = 481*k**3 - 26*k**2 + 3*k - 6. Let j(i) = -480*i**3 + 23*i**2 - 3*i + 5. Let b(z) = -7*j(z) - 6*x(z). List the prime factors of b(1).
11, 43
Let b be 31*-4*(6 + -2). Let l = b - -827. What are the prime factors of l?
331
Let g(j) = 4972*j**2 - 50*j + 182. List the prime factors of g(4).
2, 7, 13, 19, 23
Suppose 515 + 2005 = -10*x. Let b = x - -526. What are the prime factors of b?
2, 137
Let f(q) = 708*q**2 - 466*q - 2374. List the prime factors of f(-5).
2, 2207
Let q = 104 + -101. Suppose 5*g - 284 = -q*s - 0*g, -4*s - g + 356 = 0. Let v = 137 - s. What are the prime factors of v?
7
Let p(i) = i + 12. Let n = -43 + 23. Let h = n - -13. List the prime factors of p(h).
5
Suppose -3*g + 19235 = 5*h, -2*h - 4*g + 7493 + 187 = 0. Suppose 0 = -9*i - 5*i + h. What are the prime factors of i?
5, 11
Let s(n) = -16*n**2 - 6*n + 22. Let y be s(-10). List the prime factors of 1*y/(-15)*150/30.
2, 11, 23
Suppose -3*u + 2*q = -22533 - 747, 0 = u + 2*q - 7768. List the prime factors of u.
2, 3881
Let o(s) = 11*s**2 + 605*s + 23. What are the prime factors of o(-63)?
19, 293
Suppose -12*l = 4*h - 7*l - 77919, 97334 = 5*h - 3*l. List the prime factors of h.
19471
Let v be ((2 - 3) + -2)*16/(-24). Suppose 2 = 2*t + t - v*g, 3*t - 5*g + 13 = 0. List the prime factors of (-3)/t + 407/4.
101
Let h(u) = 4*u + 159. Let g be h(-36). Suppose 2*c + g = -d + 199, -2*c - 872 = -5*d. What are the prime factors of d?
2, 11
Let r be ((8 - 7) + 0)*4. Let z(v) = 15*v**3 + 2*v**2 + 6*v - 13. List the prime factors of z(r).
17, 59
Suppose -4 = -2*a - 2*z, -14*a = -13*a + 5*z - 14. Let x = a - -1146. List the prime factors of x.
5, 229
Suppose 0 = -10*o - 17712 + 66802. List the prime factors of o.
4909
Let q = 62 - 58. Suppose t = -8 - q. What are the prime factors of (-610)/(-8) + 3/t?
2, 19
Suppose 11 = -3*i - 2*t, -7*i - t = -12*i - 40. Let j = 919 - i. What are the prime factors of j?
2, 463
Let l = -18 + 3. Let p(a) = 24*a**2 + 51*a + 14. Let y(w) = 13*w**2 + 26*w + 6. Let o(d) = -6*p(d) + 11*y(d). List the prime factors of o(l).
3, 19
Let i(k) = -6*k - 1. Let b(u) = -u + 1. Let x(m) = 3*b(m) + i(m). Let g be x(-1). Let d(y) = 2*y + 7. List the prime factors of d(g).
29
List the prime factors of (7407/27)/((-3)/(-45)).
5, 823
Let a(f) = 19*f**2 - 28*f + 4. Let h(v) = -v**2 + 1. Let i(w) = a(w) + 4*h(w). What are the prime factors of i(6)?
2, 5, 19
Let w be 1/((10/15)/(76/(-6))). Let l(h) = -15*h + 2. Let r be l(-4). Let g = r + w. List the prime factors of g.
43
Let m be (-2)/(-3) + 1 + (-15)/9. Suppose -4*n = -m*n - 4. What are the prime factors of 1708/16 - (10/(-8) + n)?
107
What are the prime factors of 28/(-21) - 57577/(-3)?
3, 6397
Let y = -353 - -355. Suppose 3 = -d, -y*d - 217 = -v + 261. List the prime factors of v.
2, 59
Let u(o) = -189*o - 2779. List the prime factors of u(-45).
2, 7, 409
Suppose 0 = -27*f - 11465 + 1999529. List the prime factors of f.
2, 3, 13, 59
Let b(g) = g**2 + 7*g - 12. Let q be b(-9). Let u be -2 + q + -1 - 18. Let h = 46 - u. What are the prime factors of h?
61
Let w = 22596 - 14258. List the prime factors of w.
2, 11, 379
Let a = -4096 - 29. What are the prime factors of (-10)/(-6) + a/(-9)?
2, 5, 23
Suppose -4*s + 138*p - 134*p = -1352, s + 4*p - 333 = 0. What are the prime factors of s?
337
Let r = 42137 - 25261. List the prime factors of r.
2, 4219
Let d(x) = x**2 + 18*x - 46. Let h(s) = -s**3 - 4*s**2 + 4*s - 5. Let b be h(-4). What are the prime factors of d(b)?
17
Suppose 1039 = 2*m - 3. Let w = m - 23. Suppose -122 = -4*x + w. What are the prime factors of x?
5, 31
Suppose -6*o = -3*o - 4*r + 1, -o + 2*r = 3. Suppose o*h - 4748 = -1208. List the prime factors of h.
2, 3, 59
Let h(u) = 266*u + 23. Let v be h(-3). Let m = 1232 + v.